 when h is divided by p.
8
Suppose 32658 = 63*f + 4056. What is the remainder when f is divided by 18?
4
Calculate the remainder when 817 is divided by 13 + -8 - 5 - -9.
7
Suppose 3*i = 3147 - 1044. What is the remainder when i is divided by 32?
29
Suppose 3*b = l + 79, -2*b - l + 5*l + 46 = 0. Calculate the remainder when 126 is divided by b.
18
Let f = -8 + 11. Suppose 0 = -4*d - 12, d + 34 = 2*m + f*d. Suppose 0 = -3*l - l + m. Calculate the remainder when l is divided by 4.
1
Calculate the remainder when 73 is divided by (4/((-12)/(-27)))/(15/35).
10
Suppose 2*g = 0, -16 = -4*i - 0*i + 4*g. Suppose -2*k - m + 1 + 45 = 0, 0 = i*m - 16. Suppose -3*h + 4*h - k = 0. What is the remainder when h is divided by 11?
10
Let x = 3459 + -2035. Calculate the remainder when x is divided by 75.
74
Calculate the remainder when 40 is divided by (15/(-15))/(1/(-7)).
5
Suppose w - 72 = -4*m + 2*m, -4*m = -w - 138. What is the remainder when 839 is divided by m?
34
Let r(a) = 4 + a - 10 + 0*a. Suppose -3*v = 2*v - 40. What is the remainder when 3 is divided by r(v)?
1
What is the remainder when (-2 - (-1904)/20)/(52/130) is divided by 9?
8
Let w(i) be the second derivative of -i**5/20 + i**2/2 + 4*i. Let c(j) = j**2 - 23*j + 19. Let z be c(22). What is the remainder when 109 is divided by w(z)?
25
Let g = -2 - -63. Calculate the remainder when g is divided by 38.
23
Suppose 2*w = 5*s + 26, 10*w - 5*w + 3*s - 3 = 0. Calculate the remainder when 62 is divided by w.
2
Let w(t) = -2*t**2 + 64*t - 106. What is the remainder when 306 is divided by w(30)?
12
Let c(d) = 2*d + 20. What is the remainder when 54 is divided by c(-1)?
0
Suppose 1260 = 17*z - 14*z. Suppose 0 = -15*n - 5*n + z. Calculate the remainder when 103 is divided by n.
19
Suppose -5*a - 265 = 5*j - 8*j, 0 = -4*j + a + 325. What is the remainder when j is divided by 17?
12
Let b = 633 + -538. Calculate the remainder when 1518 is divided by b.
93
Suppose -3*y - 14 = -5*y. Suppose -l - 19 = -4*u - 2*l, 4*l + 2 = -3*u. Suppose -x + 6 + 0 = z, 3*x - u = 0. What is the remainder when y is divided by z?
3
Calculate the remainder when 29 is divided by -1*2*(20/(-4) + 1).
5
Suppose -4*q + 44 = -0*q. Let r = 3760 - 3735. What is the remainder when 2/q + (-3261)/(-33) is divided by r?
24
Suppose -18*n = -12*n - 1404. Suppose 2*p = 5*t + 81, p + 4*p - n = 2*t. Calculate the remainder when p is divided by 17.
14
Suppose 29 = -5*a - 41. Let j = 19 + a. What is the remainder when 23 is divided by j?
3
Let t(v) = v**3 - 6*v**2 - 6*v - 1. Let g be t(8). Let r = 85 - g. Calculate the remainder when 21 is divided by r.
3
Suppose 3*x = -7 + 37. What is the remainder when x/(214/42 + -5) is divided by 18?
15
Suppose 2*t = -2*t + 60. Let o be ((-8)/32*10)/((-1)/6). Let b = o - 7. Calculate the remainder when t is divided by b.
7
Suppose 203 = s + 170. Calculate the remainder when s is divided by 5.
3
Let z(w) be the first derivative of -w**4/4 + 11*w**2/2 - 2*w - 12. What is the remainder when z(-6) is divided by 30?
28
Suppose 4*c + 4 = 0, -13 - 32 = -5*o - 5*c. Let z = 10 - o. Suppose 4*y + b = 16, z = -2*y - 3*b - 2. What is the remainder when 19 is divided by y?
4
Let t(u) be the third derivative of 3*u**2 + 0*u + 0 + 13/24*u**4 - 2*u**3 - 1/60*u**5. Calculate the remainder when 29 is divided by t(11).
9
Let n(d) = -2*d**2 - 15*d. Let v be n(-7). Let f = v + 1. What is the remainder when (-1)/(-3) + 484/33 is divided by f?
7
Let v = 2 - 18. Let l be (v + 14)*-2*5. Suppose 0 = -3*t + l + 10. Calculate the remainder when 27 is divided by t.
7
Let g = -468 + 646. What is the remainder when g is divided by 9?
7
Suppose -g - 4*u + 22 = u, 4*u = 3*g + 29. Let n be 312 - (g + 1 + -1). Suppose s = -4*s + n. What is the remainder when s is divided by 11?
8
Suppose 3*o - 3*a - 51 = 0, -5*o + 59 = -3*a - 16. Let v be (-9)/(-4 - 13/(-4)). Calculate the remainder when (-216)/(-10) - v/(-30) is divided by o.
10
Let m be (4/16*4)/1. Let i be m/4 + (-36)/16. Calculate the remainder when (i + 48)*1/2 is divided by 6.
5
Suppose -2*h = -2*o - 840, 5*o + 0*o + 3*h = -2132. What is the remainder when 2/(-6) + o/(-12) is divided by 19?
16
Suppose 4*u - 535 = -u. What is the remainder when u is divided by 12?
11
Suppose 3*g = 3*d - 6*d + 111, 4*g - 4*d - 180 = 0. What is the remainder when g is divided by (-23)/7*(-98)/14?
18
Let a be -127*(2 + 0/(-6)). Let m = a - -361. What is the remainder when m is divided by 54?
53
Suppose -2*l = l - 30. Let m = -12 + l. Calculate the remainder when (4 - -2) + m + 85 is divided by 30.
29
Let i(z) = -z**3 + 9*z**2 - 8*z - 2. Let l be i(8). Let a be (l + 73)/(2/(-4)). Let f = 201 + a. Calculate the remainder when f is divided by 15.
14
Let t(k) = 9*k**2 + 2*k + 22. Calculate the remainder when 1634 is divided by t(3).
108
Let n be (-31)/(-2) + 3/(-6). Let s be 6*(-2 - n/(-6)). Let r = s - -3. Calculate the remainder when r is divided by 4.
2
Let s(z) = 2*z**2 + 13*z + 24. Calculate the remainder when 3/(-5 + 2) + 91 is divided by s(-7).
28
Suppose -s + 8 = -2*z - z, 5*s = -3*z + 40. Suppose -s*g - 300 = -12*g. What is the remainder when g is divided by 11?
9
Suppose 2*l + 39 + 4 = 5*q, 4*l = 3*q - 23. Calculate the remainder when 23 is divided by q.
5
Suppose 74 = -12*l + 290. What is the remainder when 89 is divided by l?
17
Let k = -31 + 43. What is the remainder when (-296)/(-6) + 10/15 is divided by k - 14 - (-15 + 0)?
11
Suppose 311*b - 336 = 299*b. Calculate the remainder when 216 is divided by b.
20
Let m be 8 - 0 - 33/11. Let p be 13/m - (-3)/(-5). Suppose 4 = 4*b - 2*n, 3*n - 4 = -p*b + 6. Calculate the remainder when 5 is divided by b.
1
Suppose 3*b = 4*b - 1. What is the remainder when b/(465/(-235) - -2) is divided by 17?
13
Calculate the remainder when 0/(-4 + 7) - (-1 - 3) is divided by 1.
0
Let d(u) = -u**2 + 15*u + 16. What is the remainder when d(13) is divided by ((-30)/(-20))/((-1)/(-6))?
6
Suppose -3*f - 7 = -13. What is the remainder when ((3 - -23)/(f/(-10)))/(-2) is divided by (5 + -2)*(-22)/(-3)?
21
Let b(c) be the second derivative of -3*c**3/2 + 3*c**2/2 - 3*c. Calculate the remainder when b(-6) is divided by (-1)/(8/(-136)) + -4 + 2.
12
Let c = -1 - -3. Suppose 9 = c*r - 3. What is the remainder when (-8 - -3)*(-10)/((-200)/(-36)) is divided by r?
3
Suppose 6*a - 3*o - 97 = a, -4*o = -4. What is the remainder when 58 is divided by a?
18
Let p = 57 + -33. Let v(q) = q**3 + 14*q**2 + 10*q + 2. Let c be v(-12). Let o = c - 99. What is the remainder when o is divided by p?
23
Suppose 22*t - 815 = -199. What is the remainder when 64 is divided by t?
8
Let x be (-8 + 9)*-1 - (-48 + 0). Let q = -40 + x. Calculate the remainder when 17 is divided by q.
3
Suppose 0 = -4*x - 20, 3*k = 5*x + 24 + 16. Suppose -5*p - 30 = -k*u, -u + 0*p - p = -12. What is the remainder when 22 is divided by u?
4
Suppose -13*f + 96 = -10*f. Calculate the remainder when 316 is divided by f.
28
Let w(m) = -4*m**2 + 90*m - 40. What is the remainder when 12 is divided by w(22)?
0
Calculate the remainder when 75 is divided by 27/15*(-350)/(-21).
15
Let f(r) be the third derivative of r**6/120 + r**5/30 - 5*r**4/24 - r**3/3 - 2*r**2 - 24. Calculate the remainder when 12 is divided by f(-3).
0
Suppose -208*c + 8240 = -168*c. What is the remainder when c is divided by 72?
62
Suppose -4*n - 2*z - 28 = 0, -4*z + z = 2*n + 6. Let s(r) = -8*r - 3. Let l(v) = -4*v - 4. Calculate the remainder when s(n) is divided by l(-7).
21
Let p be -3 - (-7*4)/4. Let n be ((-15)/12)/(1/p). Calculate the remainder when (1 + n)/(4/(-98)) is divided by 25.
23
Let o(c) = -6*c - 1. Let z = -4 - -9. Suppose z*j + 4*y + 46 = 0, -4*j + 4*y - y = 43. What is the remainder when o(j) is divided by 20?
19
Let s be (-104)/(-13) - (1 - -1). Suppose 5*t = -s*w + w + 15, -w - 2*t + 2 = 0. Calculate the remainder when 27 is divided by w.
3
Let f(n) = -n**2 + 14*n + 29. Let u be f(16). Let d(c) = 11*c**2 + 18*c + 7. Calculate the remainder when d(u) is divided by 11.
8
Let m = 34 - 32. Suppose m*y = 5*y - 4*p - 19, -3*y = 5*p - 37. Calculate the remainder when 25 is divided by y.
7
Let z be -12*(-2 - 9/(-6)). Suppose -2*o + v - 1 + z = 0, -3*v - 9 = 0. Let k = 16 - o. What is the remainder when 44 is divided by k?
14
Suppose 4*m + h = 3*m + 21, 